{"version":"1.0","provider_name":"Fuentes Fidedignas","provider_url":"https:\/\/fuentesfidedignas.com.mx","author_name":"Forbes","author_url":"https:\/\/fuentesfidedignas.com.mx\/index.php\/author\/forbes\/","title":"\u00bfQui\u00e9n fue 'El Mencho'? El capo detr\u00e1s de la expansi\u00f3n del CJNG abatido en Jalisco - Fuentes Fidedignas","type":"rich","width":600,"height":338,"html":"<blockquote class=\"wp-embedded-content\" data-secret=\"sUN14HVbtf\"><a href=\"https:\/\/fuentesfidedignas.com.mx\/index.php\/2026\/02\/22\/127786\/\">\u00bfQui\u00e9n fue &#8216;El Mencho&#8217;? El capo detr\u00e1s de la expansi\u00f3n del CJNG abatido en Jalisco<\/a><\/blockquote><iframe sandbox=\"allow-scripts\" security=\"restricted\" src=\"https:\/\/fuentesfidedignas.com.mx\/index.php\/2026\/02\/22\/127786\/embed\/#?secret=sUN14HVbtf\" width=\"600\" height=\"338\" title=\"&#8220;\u00bfQui\u00e9n fue &#8216;El Mencho&#8217;? El capo detr\u00e1s de la expansi\u00f3n del CJNG abatido en Jalisco&#8221; &#8212; Fuentes Fidedignas\" data-secret=\"sUN14HVbtf\" frameborder=\"0\" marginwidth=\"0\" marginheight=\"0\" scrolling=\"no\" class=\"wp-embedded-content\"><\/iframe><script type=\"text\/javascript\">\n\/* <![CDATA[ *\/\n\/*! This file is auto-generated *\/\n!function(d,l){\"use strict\";l.querySelector&&d.addEventListener&&\"undefined\"!=typeof URL&&(d.wp=d.wp||{},d.wp.receiveEmbedMessage||(d.wp.receiveEmbedMessage=function(e){var t=e.data;if((t||t.secret||t.message||t.value)&&!\/[^a-zA-Z0-9]\/.test(t.secret)){for(var s,r,n,a=l.querySelectorAll('iframe[data-secret=\"'+t.secret+'\"]'),o=l.querySelectorAll('blockquote[data-secret=\"'+t.secret+'\"]'),c=new RegExp(\"^https?:$\",\"i\"),i=0;i<o.length;i++)o[i].style.display=\"none\";for(i=0;i<a.length;i++)s=a[i],e.source===s.contentWindow&&(s.removeAttribute(\"style\"),\"height\"===t.message?(1e3<(r=parseInt(t.value,10))?r=1e3:~~r<200&&(r=200),s.height=r):\"link\"===t.message&&(r=new URL(s.getAttribute(\"src\")),n=new URL(t.value),c.test(n.protocol))&&n.host===r.host&&l.activeElement===s&&(d.top.location.href=t.value))}},d.addEventListener(\"message\",d.wp.receiveEmbedMessage,!1),l.addEventListener(\"DOMContentLoaded\",function(){for(var e,t,s=l.querySelectorAll(\"iframe.wp-embedded-content\"),r=0;r<s.length;r++)(t=(e=s[r]).getAttribute(\"data-secret\"))||(t=Math.random().toString(36).substring(2,12),e.src+=\"#?secret=\"+t,e.setAttribute(\"data-secret\",t)),e.contentWindow.postMessage({message:\"ready\",secret:t},\"*\")},!1)))}(window,document);\n\/\/# sourceURL=https:\/\/fuentesfidedignas.com.mx\/wp-includes\/js\/wp-embed.min.js\n\/* ]]> *\/\n<\/script>\n","thumbnail_url":"https:\/\/fuentesfidedignas.com.mx\/wp-content\/uploads\/2026\/02\/img_3171.jpg","thumbnail_width":345,"thumbnail_height":195,"description":"Autoridades federales confirmaron que Nemesio Oseguera Cervantes, \u201cEl Mencho\u201d, fue abatido esta madrugada durante un operativo militar en Tapalpa, Jalisco, en lo que representa uno de los golpes m\u00e1s significativos al crimen organizado en a\u00f1os recientes. Nacido el 17 de julio de 1966 en Aguilla, Michoac\u00e1n, Oseguera&nbsp;se consolido como fundador y l\u00edder del C\u00e1rtel Jalisco [&hellip;]"}

¿Quién fue 'El Mencho'? El capo detrás de la expansión del CJNG abatido en Jalisco - Fuentes Fidedignas

<blockquote class="wp-embedded-content" data-secret="sUN14HVbtf"><a href="https://fuentesfidedignas.com.mx/index.php/2026/02/22/127786/">¿Quién fue &#8216;El Mencho&#8217;? El capo detrás de la expansión del CJNG abatido en Jalisco</a></blockquote><iframe sandbox="allow-scripts" security="restricted" src="https://fuentesfidedignas.com.mx/index.php/2026/02/22/127786/embed/#?secret=sUN14HVbtf" width="600" height="338" title="&#8220;¿Quién fue &#8216;El Mencho&#8217;? El capo detrás de la expansión del CJNG abatido en Jalisco&#8221; &#8212; Fuentes Fidedignas" data-secret="sUN14HVbtf" frameborder="0" marginwidth="0" marginheight="0" scrolling="no" class="wp-embedded-content"></iframe><script type="text/javascript">
/* <![CDATA[ */
/*! This file is auto-generated */
!function(d,l){"use strict";l.querySelector&&d.addEventListener&&"undefined"!=typeof URL&&(d.wp=d.wp||{},d.wp.receiveEmbedMessage||(d.wp.receiveEmbedMessage=function(e){var t=e.data;if((t||t.secret||t.message||t.value)&&!/[^a-zA-Z0-9]/.test(t.secret)){for(var s,r,n,a=l.querySelectorAll('iframe[data-secret="'+t.secret+'"]'),o=l.querySelectorAll('blockquote[data-secret="'+t.secret+'"]'),c=new RegExp("^https?:$","i"),i=0;i<o.length;i++)o[i].style.display="none";for(i=0;i<a.length;i++)s=a[i],e.source===s.contentWindow&&(s.removeAttribute("style"),"height"===t.message?(1e3<(r=parseInt(t.value,10))?r=1e3:~~r<200&&(r=200),s.height=r):"link"===t.message&&(r=new URL(s.getAttribute("src")),n=new URL(t.value),c.test(n.protocol))&&n.host===r.host&&l.activeElement===s&&(d.top.location.href=t.value))}},d.addEventListener("message",d.wp.receiveEmbedMessage,!1),l.addEventListener("DOMContentLoaded",function(){for(var e,t,s=l.querySelectorAll("iframe.wp-embedded-content"),r=0;r<s.length;r++)(t=(e=s[r]).getAttribute("data-secret"))||(t=Math.random().toString(36).substring(2,12),e.src+="#?secret="+t,e.setAttribute("data-secret",t)),e.contentWindow.postMessage({message:"ready",secret:t},"*")},!1)))}(window,document);
//# sourceURL=https://fuentesfidedignas.com.mx/wp-includes/js/wp-embed.min.js
/* ]]> */
</script>

Autoridades federales confirmaron que Nemesio Oseguera Cervantes, “El Mencho”, fue abatido esta madrugada durante un operativo militar en Tapalpa, Jalisco, en lo que representa uno de los golpes más significativos al crimen organizado en años recientes. Nacido el 17 de julio de 1966 en Aguilla, Michoacán, Oseguera&nbsp;se consolido como fundador y líder del Cártel Jalisco [&hellip;]
