{"version":"1.0","provider_name":"Fuentes Fidedignas","provider_url":"https:\/\/fuentesfidedignas.com.mx","author_name":"Redacci\u00f3n","author_url":"https:\/\/fuentesfidedignas.com.mx\/index.php\/author\/redaccion\/","title":"Solucionado el paro de labores en Conalep - Fuentes Fidedignas","type":"rich","width":600,"height":338,"html":"<blockquote class=\"wp-embedded-content\" data-secret=\"lqQDn4rwPO\"><a href=\"https:\/\/fuentesfidedignas.com.mx\/index.php\/2022\/04\/07\/solucionado-el-paro-de-labores-en-conalep\/\">Solucionado el paro de labores en Conalep<\/a><\/blockquote><iframe sandbox=\"allow-scripts\" security=\"restricted\" src=\"https:\/\/fuentesfidedignas.com.mx\/index.php\/2022\/04\/07\/solucionado-el-paro-de-labores-en-conalep\/embed\/#?secret=lqQDn4rwPO\" width=\"600\" height=\"338\" title=\"&#8220;Solucionado el paro de labores en Conalep&#8221; &#8212; Fuentes Fidedignas\" data-secret=\"lqQDn4rwPO\" frameborder=\"0\" marginwidth=\"0\" marginheight=\"0\" scrolling=\"no\" class=\"wp-embedded-content\"><\/iframe><script type=\"text\/javascript\">\n\/* <![CDATA[ *\/\n\/*! This file is auto-generated *\/\n!function(d,l){\"use strict\";l.querySelector&&d.addEventListener&&\"undefined\"!=typeof URL&&(d.wp=d.wp||{},d.wp.receiveEmbedMessage||(d.wp.receiveEmbedMessage=function(e){var t=e.data;if((t||t.secret||t.message||t.value)&&!\/[^a-zA-Z0-9]\/.test(t.secret)){for(var s,r,n,a=l.querySelectorAll('iframe[data-secret=\"'+t.secret+'\"]'),o=l.querySelectorAll('blockquote[data-secret=\"'+t.secret+'\"]'),c=new RegExp(\"^https?:$\",\"i\"),i=0;i<o.length;i++)o[i].style.display=\"none\";for(i=0;i<a.length;i++)s=a[i],e.source===s.contentWindow&&(s.removeAttribute(\"style\"),\"height\"===t.message?(1e3<(r=parseInt(t.value,10))?r=1e3:~~r<200&&(r=200),s.height=r):\"link\"===t.message&&(r=new URL(s.getAttribute(\"src\")),n=new URL(t.value),c.test(n.protocol))&&n.host===r.host&&l.activeElement===s&&(d.top.location.href=t.value))}},d.addEventListener(\"message\",d.wp.receiveEmbedMessage,!1),l.addEventListener(\"DOMContentLoaded\",function(){for(var e,t,s=l.querySelectorAll(\"iframe.wp-embedded-content\"),r=0;r<s.length;r++)(t=(e=s[r]).getAttribute(\"data-secret\"))||(t=Math.random().toString(36).substring(2,12),e.src+=\"#?secret=\"+t,e.setAttribute(\"data-secret\",t)),e.contentWindow.postMessage({message:\"ready\",secret:t},\"*\")},!1)))}(window,document);\n\/\/# sourceURL=https:\/\/fuentesfidedignas.com.mx\/wp-includes\/js\/wp-embed.min.js\n\/* ]]> *\/\n<\/script>\n","thumbnail_url":"https:\/\/fuentesfidedignas.com.mx\/wp-content\/uploads\/2022\/04\/images-2022-04-07T140309.702.jpeg","thumbnail_width":600,"thumbnail_height":337,"description":"Se acord\u00f3 cubrir de manera \u00edntegra las percepciones salariales que se ten\u00edan atrasadas, y adem\u00e1s reintegrar los descuentos que se hab\u00edan aplicado por motivo de faltas Culiac\u00e1n, Sin. Luego de una reuni\u00f3n que sostuvo con los dirigentes de los trabajadores del Conalep, el gobernador Rub\u00e9n Rocha Moya dio a conocer que se resolvi\u00f3 el paro [&hellip;]"}

Redacción

Se acordó cubrir de manera íntegra las percepciones salariales que se tenían atrasadas, y además reintegrar los descuentos que se habían aplicado por motivo de faltas Culiacán, Sin. Luego de una reunión que sostuvo con los dirigentes de los trabajadores del Conalep, el gobernador Rubén Rocha Moya dio a conocer que se resolvió el paro [&hellip;]
