{"version":"1.0","provider_name":"Fuentes Fidedignas","provider_url":"https:\/\/fuentesfidedignas.com.mx","author_name":"Redacci\u00f3n","author_url":"https:\/\/fuentesfidedignas.com.mx\/index.php\/author\/redaccion\/","title":"Detenido el presunto feminicida de Karen - Fuentes Fidedignas","type":"rich","width":600,"height":338,"html":"<blockquote class=\"wp-embedded-content\" data-secret=\"kLnLfB3p8D\"><a href=\"https:\/\/fuentesfidedignas.com.mx\/index.php\/2021\/09\/04\/detenido-presunto-feminicida-de-karen\/\">Detenido el presunto feminicida de Karen<\/a><\/blockquote><iframe sandbox=\"allow-scripts\" security=\"restricted\" src=\"https:\/\/fuentesfidedignas.com.mx\/index.php\/2021\/09\/04\/detenido-presunto-feminicida-de-karen\/embed\/#?secret=kLnLfB3p8D\" width=\"600\" height=\"338\" title=\"&#8220;Detenido el presunto feminicida de Karen&#8221; &#8212; Fuentes Fidedignas\" data-secret=\"kLnLfB3p8D\" frameborder=\"0\" marginwidth=\"0\" marginheight=\"0\" scrolling=\"no\" class=\"wp-embedded-content\"><\/iframe><script type=\"text\/javascript\">\n\/* <![CDATA[ *\/\n\/*! This file is auto-generated *\/\n!function(d,l){\"use strict\";l.querySelector&&d.addEventListener&&\"undefined\"!=typeof URL&&(d.wp=d.wp||{},d.wp.receiveEmbedMessage||(d.wp.receiveEmbedMessage=function(e){var t=e.data;if((t||t.secret||t.message||t.value)&&!\/[^a-zA-Z0-9]\/.test(t.secret)){for(var s,r,n,a=l.querySelectorAll('iframe[data-secret=\"'+t.secret+'\"]'),o=l.querySelectorAll('blockquote[data-secret=\"'+t.secret+'\"]'),c=new RegExp(\"^https?:$\",\"i\"),i=0;i<o.length;i++)o[i].style.display=\"none\";for(i=0;i<a.length;i++)s=a[i],e.source===s.contentWindow&&(s.removeAttribute(\"style\"),\"height\"===t.message?(1e3<(r=parseInt(t.value,10))?r=1e3:~~r<200&&(r=200),s.height=r):\"link\"===t.message&&(r=new URL(s.getAttribute(\"src\")),n=new URL(t.value),c.test(n.protocol))&&n.host===r.host&&l.activeElement===s&&(d.top.location.href=t.value))}},d.addEventListener(\"message\",d.wp.receiveEmbedMessage,!1),l.addEventListener(\"DOMContentLoaded\",function(){for(var e,t,s=l.querySelectorAll(\"iframe.wp-embedded-content\"),r=0;r<s.length;r++)(t=(e=s[r]).getAttribute(\"data-secret\"))||(t=Math.random().toString(36).substring(2,12),e.src+=\"#?secret=\"+t,e.setAttribute(\"data-secret\",t)),e.contentWindow.postMessage({message:\"ready\",secret:t},\"*\")},!1)))}(window,document);\n\/\/# sourceURL=https:\/\/fuentesfidedignas.com.mx\/wp-includes\/js\/wp-embed.min.js\n\/* ]]> *\/\n<\/script>\n","thumbnail_url":"https:\/\/fuentesfidedignas.com.mx\/wp-content\/uploads\/2021\/09\/images-34.jpeg","thumbnail_width":651,"thumbnail_height":400,"description":"La Fiscal\u00eda de Sinaloa cumpliment\u00f3 orden de aprehensi\u00f3n y est\u00e1 en espera de programaci\u00f3n de audiencia inicial para formulaci\u00f3n de imputaci\u00f3n Culiac\u00e1n Sin.- La Fiscal\u00eda de Sinaloa cumpliment\u00f3 una orden de aprehensi\u00f3n en contra de Carlos \u201cM\u201d como presunto responsable del feminicidio cometido en contra de Karen Ayelen, jovencita localizada sin vida en el sector [&hellip;]"}

Redacción

La Fiscalía de Sinaloa cumplimentó orden de aprehensión y está en espera de programación de audiencia inicial para formulación de imputación Culiacán Sin.- La Fiscalía de Sinaloa cumplimentó una orden de aprehensión en contra de Carlos “M” como presunto responsable del feminicidio cometido en contra de Karen Ayelen, jovencita localizada sin vida en el sector [&hellip;]
